What is the remainder when 141 is divided by 43?
12
Calculate the remainder when 1334 is divided by 48.
38
What is the remainder when 494 is divided by 145?
59
Calculate the remainder when 1296 is divided by 84.
36
Calculate the remainder when 11231 is divided by 12.
11
What is the remainder when 68 is divided by 37?
31
What is the remainder when 7 is divided by 2?
1
What is the remainder when 199 is divided by 5?
4
Calculate the remainder when 296 is divided by 11.
10
Calculate the remainder when 126 is divided by 33.
27
Calculate the remainder when 147 is divided by 22.
15
What is the remainder when 182 is divided by 46?
44
What is the remainder when 448 is divided by 221?
6
Calculate the remainder when 379 is divided by 24.
19
What is the remainder when 209 is divided by 65?
14
Calculate the remainder when 49 is divided by 13.
10
Calculate the remainder when 64 is divided by 25.
14
What is the remainder when 434 is divided by 19?
16
What is the remainder when 124 is divided by 4?
0
What is the remainder when 4349 is divided by 16?
13
Calculate the remainder when 809 is divided by 205.
194
What is the remainder when 123 is divided by 9?
6
What is the remainder when 299 is divided by 172?
127
What is the remainder when 1214 is divided by 348?
170
Calculate the remainder when 696 is divided by 172.
8
What is the remainder when 229 is divided by 78?
73
Calculate the remainder when 1180 is divided by 91.
88
Calculate the remainder when 153 is divided by 7.
6
What is the remainder when 1376 is divided by 242?
166
What is the remainder when 21 is divided by 11?
10
Calculate the remainder when 83 is divided by 7.
6
Calculate the remainder when 392 is divided by 12.
8
Calculate the remainder when 379 is divided by 8.
3
What is the remainder when 173 is divided by 27?
11
What is the remainder when 401 is divided by 58?
53
Calculate the remainder when 2499 is divided by 52.
3
Calculate the remainder when 6308 is divided by 2101.
5
Calculate the remainder when 1651 is divided by 103.
3
Calculate the remainder when 4007 is divided by 14.
3
What is the remainder when 1193 is divided by 15?
8
Calculate the remainder when 301 is divided by 61.
57
Calculate the remainder when 19 is divided by 17.
2
What is the remainder when 432 is divided by 284?
148
What is the remainder when 80 is divided by 10?
0
What is the remainder when 1284 is divided by 63?
24
What is the remainder when 1326 is divided by 438?
12
What is the remainder when 224 is divided by 59?
47
Calculate the remainder when 2874 is divided by 180.
174
Calculate the remainder when 149 is divided by 25.
24
Calculate the remainder when 444 is divided by 121.
81
Calculate the remainder when 83 is divided by 42.
41
What is the remainder when 71422 is divided by 248?
246
Calculate the remainder when 573 is divided by 4.
1
Calculate the remainder when 576 is divided by 83.
78
What is the remainder when 23 is divided by 4?
3
Calculate the remainder when 224 is divided by 57.
53
What is the remainder when 1071 is divided by 534?
3
Calculate the remainder when 154 is divided by 66.
22
Calculate the remainder when 310 is divided by 117.
76
Calculate the remainder when 125 is divided by 47.
31
What is the remainder when 7683 is divided by 512?
3
Calculate the remainder when 216 is divided by 56.
48
Calculate the remainder when 306 is divided by 96.
18
Calculate the remainder when 39 is divided by 7.
4
Calculate the remainder when 311 is divided by 34.
5
What is the remainder when 4417 is divided by 1472?
1
What is the remainder when 25373 is divided by 52?
49
What is the remainder when 214 is divided by 3?
1
Calculate the remainder when 1253 is divided by 74.
69
What is the remainder when 149 is divided by 44?
17
Calculate the remainder when 5641 is divided by 64.
9
What is the remainder when 24 is divided by 16?
8
Calculate the remainder when 1977 is divided by 66.
63
Calculate the remainder when 799 is divided by 26.
19
What is the remainder when 65 is divided by 50?
15
What is the remainder when 30 is divided by 6?
0
What is the remainder when 4741 is divided by 48?
37
Calculate the remainder when 749 is divided by 157.
121
What is the remainder when 35 is divided by 9?
8
Calculate the remainder when 51 is divided by 11.
7
What is the remainder when 311 is divided by 46?
35
Calculate the remainder when 183 is divided by 8.
7
What is the remainder when 25076 is divided by 39?
38
What is the remainder when 2172 is divided by 169?
144
Calculate the remainder when 7183 is divided by 16.
15
What is the remainder when 72 is divided by 4?
0
What is the remainder when 261 is divided by 36?
9
What is the remainder when 3502 is divided by 4?
2
Calculate the remainder when 263 is divided by 261.
2
Calculate the remainder when 109 is divided by 14.
11
What is the remainder when 7439 is divided by 3718?
3
What is the remainder when 474 is divided by 238?
236
Calculate the remainder when 288 is divided by 96.
0
What is the remainder when 791 is divided by 6?
5
Calculate the remainder when 187 is divided by 79.
29
What is the remainder when 3048 is divided by 1478?
92
What is the remainder when 391 is divided by 28?
27
Calculate the remainder when 46 is divided by 15.
1
What is the remainder when 3353 is divided by 1676?
1
Calculate the remainder when 344 is divided by 23.
22
Calculate the remainder when 1878 is divided by 188.
186
What is the remainder when 289 is divided by 62?
41
What is the remainder when 303 is divided by 17?
14
Calculate the remainder when 5557 is divided by 11.
2
Calculate the remainder when 416 is divided by 144.
128
Calculate the remainder when 649 is divided by 33.
22
Calculate the remainder when 63 is divided by 6.
3
What is the remainder when 5697 is divided by 2848?
1
What is the remainder when 478 is divided by 33?
16
What is the remainder when 2263 is divided by 68?
19
Calculate the remainder when 62 is divided by 53.
9
Calculate the remainder when 263 is divided by 102.
59
What is the remainder when 137 is divided by 49?
39
What is the remainder when 23338 is divided by 12?
10
What is the remainder when 88160 is divided by 17?
15
What is the remainder when 52911 is divided by 16?
15
What is the remainder when 1579 is divided by 31?
29
What is the remainder when 12365 is divided by 149?
147
What is the remainder when 479 is divided by 6?
5
Calculate the remainder when 56069 is divided by 344.
341
Calculate the remainder when 23 is divided by 8.
7
What is the remainder when 207 is divided by 14?
11
What is the remainder when 515 is divided by 21?
11
Calculate the remainder when 105 is divided by 10.
5
What is the remainder when 85 is divided by 3?
1
What is the remainder when 1290 is divided by 108?
102
What is the remainder when 402 is divided by 58?
54
What is the remainder when 307 is divided by 98?
13
What is the remainder when 178 is divided by 92?
86
What is the remainder when 90 is divided by 21?
6
What is the remainder when 33 is divided by 5?
3
What is the remainder when 349 is divided by 14?
13
Calculate the remainder when 514 is divided by 108.
82
Calculate the remainder when 33105 is divided by 267.
264
Calculate the remainder when 4837 is divided by 110.
107
Calculate the remainder when 712 is divided by 119.
117
Calculate the remainder when 35 is divided by 24.
11
What is the remainder when 509 is divided by 55?
14
What is the remainder when 524 is divided by 183?
158
Calculate the remainder when 191 is divided by 56.
23
Calculate the remainder when 747 is divided by 109.
93
What is the remainder when 163 is divided by 67?
29
What is the remainder when 534 is divided by 67?
65
Calculate the remainder when 355 is divided by 92.
79
What is the remainder when 2589 is divided by 322?
13
What is the remainder when 549 is divided by 69?
66
What is the remainder when 228 is divided by 10?
8
What is the remainder when 399 is divided by 163?
73
Calculate the remainder when 1726 is divided by 93.
52
What is the remainder when 225 is divided by 46?
41
What is the remainder when 442 is divided by 32?
26
What is the remainder when 1139 is divided by 245?
159
Calculate the remainder when 767 is divided by 22.
19
What is the remainder when 539 is divided by 5?
4
Calculate the remainder